he prime factors of 79899?
3, 26633
List the prime factors of 11030819.
3089, 3571
What are the prime factors of 1416330?
2, 3, 5, 15737
What are the prime factors of 165947?
165947
What are the prime factors of 10935170?
2, 5, 1093517
List the prime factors of 2413821.
3, 804607
List the prime factors of 498957.
3, 166319
List the prime factors of 6535582.
2, 17, 19, 67, 151
What are the prime factors of 4244363?
4244363
List the prime factors of 1238203.
229, 5407
What are the prime factors of 1869790?
2, 5, 13, 19, 757
List the prime factors of 5205132.
2, 3, 191, 757
What are the prime factors of 545333?
443, 1231
What are the prime factors of 9637010?
2, 5, 963701
List the prime factors of 256795.
5, 7, 11, 23, 29
What are the prime factors of 108813?
3, 19, 23, 83
List the prime factors of 271663.
7, 197
List the prime factors of 3080611.
173, 17807
What are the prime factors of 86155?
5, 17231
List the prime factors of 53298.
2, 3, 7, 47
What are the prime factors of 12509?
7, 1787
What are the prime factors of 15509459?
7, 101, 21937
List the prime factors of 2311469.
2311469
List the prime factors of 4105145.
5, 11, 101, 739
What are the prime factors of 3124731?
3, 1041577
List the prime factors of 10733183.
10733183
What are the prime factors of 862522?
2, 53, 79, 103
List the prime factors of 1206858.
2, 3, 71, 2833
What are the prime factors of 686825?
5, 83, 331
What are the prime factors of 87019?
173, 503
What are the prime factors of 439065?
3, 5, 11, 887
List the prime factors of 9709099.
43, 59, 89
List the prime factors of 2550930.
2, 3, 5, 23, 3697
What are the prime factors of 883962?
2, 3, 49109
List the prime factors of 1579986.
2, 3, 3251
List the prime factors of 7746143.
359, 21577
List the prime factors of 11296586.
2, 7, 31, 26029
List the prime factors of 30459622.
2, 19, 801569
List the prime factors of 798015.
3, 5, 53201
What are the prime factors of 101202?
2, 3, 101, 167
What are the prime factors of 939994?
2, 11, 42727
List the prime factors of 7008402.
2, 3, 53, 22039
List the prime factors of 4472903.
43, 104021
What are the prime factors of 2300669?
7, 328667
What are the prime factors of 637646?
2, 318823
What are the prime factors of 437145?
3, 5, 151, 193
What are the prime factors of 1863253?
7, 23, 71, 163
What are the prime factors of 29934?
2, 3, 1663
What are the prime factors of 5258857?
43, 122299
List the prime factors of 1318224.
2, 3, 29, 947
What are the prime factors of 5967272?
2, 17, 29, 89
What are the prime factors of 365418?
2, 3, 67, 101
What are the prime factors of 59997?
3, 7, 2857
What are the prime factors of 244169?
19, 71, 181
List the prime factors of 6792280.
2, 5, 11, 43, 359
What are the prime factors of 18919721?
18919721
List the prime factors of 54932.
2, 31, 443
What are the prime factors of 589018?
2, 294509
What are the prime factors of 1126589?
149, 7561
What are the prime factors of 358984?
2, 23, 1951
What are the prime factors of 26921988?
2, 3, 747833
List the prime factors of 462383.
17, 59, 461
List the prime factors of 22698664.
2, 1171, 2423
List the prime factors of 42442469.
42442469
List the prime factors of 3502497.
3, 109, 10711
List the prime factors of 17214249.
3, 13, 193, 2287
What are the prime factors of 8634132?
2, 3, 13, 19, 971
What are the prime factors of 13095812?
2, 593, 5521
List the prime factors of 247300.
2, 5, 2473
What are the prime factors of 835312?
2, 17, 37, 83
List the prime factors of 2974926.
2, 3, 495821
List the prime factors of 654739.
654739
What are the prime factors of 3916892?
2, 7, 59, 2371
What are the prime factors of 4074114?
2, 3, 11, 61729
List the prime factors of 153009.
3, 1889
List the prime factors of 152313.
3, 7, 7253
What are the prime factors of 130402?
2, 113, 577
List the prime factors of 191490.
2, 3, 5, 13, 491
List the prime factors of 62148.
2, 3, 5179
What are the prime factors of 9731611?
859, 11329
List the prime factors of 306968.
2, 38371
List the prime factors of 33228.
2, 3, 13, 71
What are the prime factors of 22290634?
2, 23, 41, 53, 223
List the prime factors of 1158857.
7, 165551
List the prime factors of 12470624.
2, 79, 4933
List the prime factors of 4817055.
3, 5, 59, 5443
What are the prime factors of 1317214?
2, 658607
What are the prime factors of 4650649?
19, 151, 1621
List the prime factors of 5320175.
5, 7, 43, 101
What are the prime factors of 985335?
3, 5, 13, 31, 163
What are the prime factors of 13206930?
2, 3, 5, 11, 31, 1291
What are the prime factors of 326711?
7, 11, 4243
List the prime factors of 9761667.
3, 3253889
List the prime factors of 466883.
541, 863
List the prime factors of 3370395.
3, 5, 7, 32099
What are the prime factors of 639334?
2, 29, 73, 151
What are the prime factors of 15874747?
7, 19, 119359
What are the prime factors of 509862?
2, 3, 84977
List the prime factors of 782185.
5, 156437
List the prime factors of 2563601.
2563601
List the prime factors of 363485.
5, 139, 523
List the prime factors of 1412160.
2, 3, 5, 1471
What are the prime factors of 5677657?
71, 79967
What are the prime factors of 9154761?
3, 7, 11, 39631
What are the prime factors of 11830045?
5, 17, 139177
List the prime factors of 4374925.
5, 103, 1699
List the prime factors of 2144535.
3, 5, 142969
List the prime factors of 21565658.
2, 10782829
List the prime factors of 3173661.
3, 39181
List the prime factors of 689106.
2, 3, 11, 53, 197
List the prime factors of 955840.
2, 5, 29, 103
What are the prime factors of 449476?
2, 37, 3037
What are the prime factors of 2168643?
3, 722881
What are the prime factors of 1342095?
3, 5, 131, 683
List the prime factors of 1674875.
5, 13399
List the prime factors of 8186804.
2, 23, 53, 73
List the prime factors of 8602003.
19, 167, 2711
What are the prime factors of 1738817?
347, 5011
What are the prime factors of 10440921?
3, 1567, 2221
List the prime factors of 582333.
3, 389, 499
What are the prime factors of 30677351?
311, 98641
What are the prime factors of 554433?
3, 11, 53, 317
What are the prime factors of 174332?
2, 41, 1063
List the prime factors of 1596404.
2, 399101
List the prime factors of 6819510.
2, 3, 5, 53, 4289
What are the prime factors of 1588556?
2, 409, 971
What are the prime factors of 2248366?
2, 53, 21211
What are the prime factors of 3811366?
2, 13, 17, 8623
What are the prime factors of 256637?
271, 947
What are the prime factors of 581080?
2, 5, 73, 199
What are the prime factors of 1964884?
2, 41, 11981
What are the prime factors of 700830?
2, 3, 5, 13, 599
List the prime factors of 236354.
2, 59, 2003
What are the prime factors of 837277?
7, 119611
List the prime factors of 904311.
3, 33493
What are the prime factors of 10871182?
2, 7, 776513
List the prime factors of 754701.
3, 251567
List the prime factors of 3977987.
13, 305999
List the prime factors of 118741.
7, 16963
What are the prime factors of 849764?
2, 109, 1949
What are the prime factors of 176534?
2, 61, 1447
List the prime factors of 2572965.
3, 5, 6353
List the prime factors of 24021956.
2, 7, 122561
What are the prime factors of 29972532?
2, 3, 263, 9497
What are the prime factors of 298494?
2, 3, 7, 23, 103
List the prime factors of 4988573.
409, 12197
What are the prime factors of 6530370?
2, 3, 5, 7, 11, 257
What are the prime factors of 140858?
2, 70429
List the prime factors of 1635.
3, 5, 109
What are the prime factors of 18651071?
37, 53, 9511
What are the prime factors of 730448?
2, 71, 643
List the prime factors of 186996.
2, 3, 15583
What are the prime factors of 8409132?
2, 3, 109, 2143
List the prime factors of 14868823.
1021, 14563
What are the prime factors of 22938002?
2, 37, 401, 773
List the prime factors of 17773931.
7, 197, 12889
List the prime factors of 3800605.
5, 17, 61, 733
List the prime factors of 2958425.
5, 17, 6961
What are the prime factors of 171187?
29, 5903
What are the prime factors of 7141671?
3, 793519
What are the prime factors of 48925?
5, 19, 103
What are the prime factors of 239181?
3, 61, 1307
List the prime factors of 5649671.
1381, 4091
What are the prime factors of 439348?
2, 7, 13, 17, 71
What are the prime factors of 450725?
5, 11, 149
What are the prime factors of 197985?
3, 5, 67, 197
What are 